+ o/(-44). Let q be (-4)/(-14) - (-458)/14. What is the highest common factor of i and q?
33
Suppose -12 = 9*v - 6*v, 2*d - 3*v = 84. Suppose -5*l = 3*f - 1275, 5*l - 5*f = -6*f + 1265. What is the highest common factor of d and l?
36
Suppose -2811 = -17*o - 669. What is the greatest common divisor of 105 and o?
21
Suppose -61*l + 2550 = 842. What is the greatest common divisor of l and 154?
14
Suppose 48 = p + 4*v, v - 6 = -2. Let g(u) = -6*u + 86. Let s be g(13). What is the highest common divisor of p and s?
8
Let v = 10 - 17. Let n = -4 - v. Let c be (n + (-27)/6)*-14. Calculate the greatest common divisor of 14 and c.
7
Let l(u) = -4*u - 39. Let s be l(-11). Let v be (17/5 - 15/s)*5. Calculate the greatest common factor of 22 and v.
2
Let s = 43 - 37. Let k be ((-8)/(-12))/(2/s). Let w be (4 + 10)*k - -2. Calculate the greatest common factor of 15 and w.
15
Let m = -450 + 466. Calculate the highest common divisor of m and 88.
8
Let g(o) = -o**2 + 6*o + 9. Let v be g(7). Let u be 45/(-2)*(-30)/9. Let q be v/4 - u/(-10). What is the greatest common factor of q and 4?
4
Suppose 4*x + 3*r = 561, 8*r = -2*x + 6*r + 282. What is the highest common factor of 23 and x?
23
Let t be -286*(8 + -6 + -6). What is the highest common divisor of 208 and t?
104
Suppose y + 4*y + 223 = o, 0 = 5*y - 5. Calculate the highest common divisor of o and 48.
12
Suppose -7*s + 4*s = 9. Let z be (1 - 34/(-6))*s. Let y be z/(-50) - (-8)/5. What is the highest common factor of y and 2?
2
Suppose -28 = 2*w - 0*w. Let l(t) = -2*t - 24. Let n be l(w). Let u be 297/12 + 1/n. Calculate the greatest common factor of 75 and u.
25
Let d(l) = -l**2 + 3*l + 2. Let s be d(-2). Let c be ((-20)/s)/(-5)*-2. Suppose -4*q = a + c, -5*a - 3*q + 7 = -5. What is the highest common factor of a and 1?
1
Let h(n) = -n**3 - 11*n**2 - 23*n - 58. Let c be h(-10). What is the greatest common factor of c and 1?
1
Suppose 0 = i - 3*t + 3, 3*i = t + t + 5. Suppose 2*x + i*x = 30. What is the greatest common divisor of x and 42?
6
Let g(n) = 2*n + 1. Let z be g(-2). Let a(p) = -24*p + 7. Let d be a(z). Let q = 289 - d. Calculate the greatest common divisor of 30 and q.
30
Let d be 20/70 - (-38)/14. Let j be (d/2)/((-15)/(-520)). Calculate the greatest common divisor of j and 13.
13
Suppose 5*p - 2*z - 170 = 0, -2*p - 11*z + 15*z = -84. What is the highest common factor of p and 160?
32
Let h(s) = -2*s**3 - 2*s**2 + s + 3. Suppose -2*c - 10 = -6. Let f be h(c). Calculate the greatest common factor of f and 144.
9
Suppose 3*o = -o. Suppose o = -3*a + 11*a - 96. What is the greatest common factor of 12 and a?
12
Let f = -8 - -7. Let z be (3 - (-30)/(-2))*f. Suppose -2*j = 2*c - z, 0 = 2*c - c - j - 12. What is the highest common divisor of c and 3?
3
Suppose -w + 2*w = -5*z + 15, -5*w - 5*z = -75. Let o be 10 - -6*((-1)/6 + -1). Calculate the greatest common factor of o and w.
3
Let l be (-1)/(((-2)/(-3))/(-2)). Let z(k) = -k + 2 - l + 2*k. Let n be z(12). Calculate the highest common divisor of 44 and n.
11
Let g = 75 + -72. Suppose 0*p + g*p = 135. Calculate the highest common factor of 15 and p.
15
Let f be 33*-1*(-1)/3. Suppose l + s - 21 = 0, 2*l - 2*s - 49 = 3*s. What is the highest common factor of f and l?
11
Suppose 0 = 4*r - 2*p - 162 - 194, -2*r + 170 = -5*p. What is the greatest common factor of r and 36?
18
Let r(z) = 3 - z - 8 + 4. Let d be r(-1). Let w = 4 + d. What is the greatest common divisor of w and 2?
2
Let k be (-36260)/(-42) + (8/3)/4. What is the highest common divisor of k and 32?
32
Suppose 0 = 4*g + 2*u - u - 32, 3*g - 11 = -4*u. Suppose -2*f - o = -f - 5, 3*f - 3*o = g. Calculate the highest common divisor of f and 44.
4
Let i be (((-400)/6)/5)/(24/(-36)). Calculate the greatest common factor of 190 and i.
10
Let t be ((-6)/(-4) + -1)/((-47)/(-1974)). What is the highest common divisor of 21 and t?
21
Suppose -1825 = -16*n + 1487. What is the highest common factor of n and 92?
23
Suppose 25 = 6*b - b. Suppose b*c - 174 - 36 = 0. Suppose 2 - c = -5*s. What is the greatest common factor of 16 and s?
8
Suppose 2*b - 5 + 1 = 0. Let w(u) = -u**3 - 4*u**2 + u - 7. Let f be w(-5). Let v = 9 + f. What is the greatest common factor of b and v?
2
Suppose -3*g + 24*h - 29*h + 16 = 0, 4 = -g + 3*h. What is the highest common factor of 62 and g?
2
Let y = 4 + -1. Suppose 4*g - 33 = y*g. Suppose 3*o + o - 2*s - 12 = 0, 0 = -3*o - 5*s + 9. What is the highest common divisor of o and g?
3
Let a be (6 - (-322)/(-4))*(1 - 3). Let t = a + -109. What is the greatest common factor of t and 40?
40
Let g(d) be the first derivative of -3 + 0*d + 17/2*d**2. Let v be g(2). What is the greatest common factor of 51 and v?
17
Let s be (-3288)/(-42) - 2/7. Calculate the highest common divisor of 6 and s.
6
Suppose -65 = -4*f + 439. Suppose -4*g + 5*w - 277 = -795, g = 3*w + f. What is the greatest common divisor of 12 and g?
12
Let a = -790 - -792. Let i(s) = -s - 1. Suppose -4*f - d - 19 = 0, 5*f - 9 = d - 44. Let v be i(f). Calculate the highest common divisor of v and a.
1
Suppose -6*z + z = -15. Suppose 3*f = -f - 5*w + 199, -5*f + z*w = -295. What is the highest common factor of 7 and f?
7
Suppose 3*g - 2*i - 3 = 0, 3*i - 13 + 1 = -g. Let s be (-150)/((-52)/(-18) - g). Let j be s/85 - (-2)/17. What is the highest common divisor of 80 and j?
16
Suppose -m = -3*m + 84. Suppose 7106 - 2514 = 82*p. Calculate the greatest common divisor of p and m.
14
Let x(f) = 28*f**2 + 5*f - 6. Let n be x(4). Suppose -6*z - 5*z + n = 0. What is the greatest common divisor of 6 and z?
6
Let p be (-369)/18 - 2/4. Let x be (-5 - -2)*(-7)/p. Let q = x + 12. Calculate the greatest common divisor of q and 88.
11
Suppose 69*r - 46*r = 1081. Calculate the highest common divisor of 2209 and r.
47
Suppose -3*j = -8*j + 80. Suppose -2*w = w + 3*m - 864, 4*m = 0. Let l = -160 + w. What is the greatest common factor of l and j?
16
Suppose 3*j - 5*l = -2*j + 70, 66 = 5*j - 4*l. Let s = 33 - 34. Let u be -35*(-18)/(-21)*s. What is the greatest common divisor of u and j?
10
Suppose t = 2 + 1. Suppose -5*w + 4*j - 4 = -t*w, -3*w + j + 4 = 0. Suppose -8*y + 5*y = -6. Calculate the greatest common factor of w and y.
2
Suppose 39 = -n + 10. Let q = n + 41. Calculate the greatest common factor of 30 and q.
6
Let g(p) = 10*p - 15. Let u be g(24). What is the greatest common divisor of u and 9?
9
Suppose 5*g + 62 = k, g + 113 = 4*k - 97. Calculate the greatest common divisor of 65 and k.
13
Let d = -17 - -21. Suppose d*h + 0*h + 18 = 3*i, 5 = -2*i - 3*h. Calculate the highest common divisor of 16 and i.
2
Suppose 159 = 5*z - 2*g, -5*z = -z + 2*g - 120. Let a = 33 - 2. Calculate the greatest common factor of a and z.
31
Let b be 6/(-8) - (-207)/(-92). Let q(x) = -7*x + 4. Let m be q(b). Calculate the highest common divisor of 200 and m.
25
Suppose 0 = z - m - 7, -12*m - 17 = z - 7*m. What is the greatest common factor of z and 213?
3
Let x = 97 - 84. Let u be x + (5 - 5) + -5. Calculate the highest common divisor of u and 8.
8
Let d be (-4)/((-8)/18) + 0. Let g = 1 - 16. Let o be (54/5)/((-2)/g). What is the greatest common factor of o and d?
9
Let y(x) = 5*x - 30. Let r be (2 + 16)/((-16)/(-8)). Let s be y(r). Calculate the highest common factor of 135 and s.
15
Let s be 1070 - (6 + (-112)/21)*-3. Calculate the highest common factor of s and 32.
16
Suppose -25 = -5*f, -4*f + f + 16 = p. Let k be p/4 + 49/28. Calculate the greatest common factor of 22 and k.
2
Suppose -904 = -3*r + 2*u, 101 + 807 = 3*r - u. Calculate the highest common factor of r and 38.
38
Suppose -3*w = -0*w - 42. Suppose -z + 16 = 4. Suppose -2*a = -4*q - z, q = -3*q - 8. Calculate the greatest common factor of w and a.
2
Let l(w) = 3*w**3 - 17*w**2 + 11*w - 36. Let m be l(7). What is the greatest common divisor of m and 316?
79
Let p = 233 - 157. Suppose 2*j + 20 = 3*g - 2*j, 5*g + 4*j = p. Calculate the highest common divisor of 6 and g.
6
Suppose 0 = a - 5*t + 12 + 15, 14 = -2*a + 2*t. Let r = a + 5. What is the greatest common divisor of r and 27?
3
Suppose 0 = -3*l - 0*l - 3. Let z be 5*(l - (-2 - 0)). Suppose -w + 6 = z. Calculate the greatest common divisor of 5 and w.
1
Let f be -268*(-5 + 11)/(-12). Let l = -116 + f. Calculate the greatest common divisor